actor of 17553812 and 1484.
212
Calculate the greatest common divisor of 1872 and 3111316.
52
What is the greatest common divisor of 4016 and 9325905?
251
What is the greatest common factor of 431433 and 17081?
551
What is the highest common divisor of 18446 and 1913278?
46
Calculate the highest common divisor of 1344 and 5826048.
192
What is the highest common factor of 45833536 and 64?
64
What is the highest common divisor of 384 and 49559936?
128
What is the greatest common divisor of 149847 and 114707?
251
What is the highest common divisor of 32053 and 11432799?
1687
Calculate the greatest common factor of 85437 and 2522322.
99
Calculate the greatest common divisor of 35 and 3267255.
5
Calculate the highest common divisor of 6920 and 3451640.
40
What is the highest common divisor of 1034018 and 4351?
19
Calculate the greatest common factor of 382530 and 5002.
82
What is the greatest common divisor of 67463042 and 1124?
562
What is the highest common factor of 171343744 and 11840?
2368
What is the highest common factor of 341844277 and 4637?
4637
What is the greatest common divisor of 3666282 and 1974?
282
Calculate the greatest common divisor of 435 and 13138305.
435
Calculate the highest common factor of 2026062 and 396.
18
What is the highest common divisor of 481 and 20973524?
481
What is the greatest common factor of 110410 and 3163460?
610
What is the highest common factor of 20917704 and 192?
24
What is the greatest common divisor of 57198666 and 107732?
2342
Calculate the highest common factor of 1352645 and 96285.
245
What is the highest common divisor of 896 and 1572040064?
896
What is the highest common factor of 6759 and 83574?
9
What is the greatest common factor of 4942 and 1911142?
706
What is the greatest common factor of 3351600 and 44118?
342
Calculate the greatest common factor of 199398478 and 1168.
146
What is the greatest common factor of 4998533 and 31?
31
Calculate the highest common factor of 149 and 214995229.
149
Calculate the highest common factor of 80850 and 1127490.
1470
Calculate the highest common divisor of 8595 and 429705.
45
Calculate the highest common divisor of 715 and 3376780.
55
What is the highest common divisor of 47847078 and 918?
918
What is the highest common factor of 1435456 and 57024?
704
Calculate the highest common factor of 2259 and 4970553.
753
Calculate the highest common factor of 904757 and 119.
119
What is the highest common factor of 863857 and 2277?
23
Calculate the greatest common divisor of 779349490 and 1345.
1345
What is the highest common divisor of 36864 and 2736?
144
What is the greatest common divisor of 214982496 and 288?
288
What is the greatest common factor of 124318139 and 1135?
227
Calculate the greatest common divisor of 8992 and 275942.
562
Calculate the greatest common divisor of 1415353758 and 174.
174
What is the highest common divisor of 40 and 23819496?
8
What is the greatest common factor of 380 and 21164404?
76
What is the greatest common divisor of 160487 and 6727?
961
What is the highest common divisor of 48300 and 58289475?
1725
What is the greatest common divisor of 1944 and 16612128?
648
Calculate the highest common factor of 30800 and 21700.
700
What is the greatest common factor of 143117 and 84032?
1313
Calculate the highest common factor of 7486398 and 243.
27
Calculate the highest common divisor of 2226 and 41886516.
42
What is the highest common factor of 259 and 605893204?
259
What is the greatest common divisor of 6902917 and 56?
7
What is the highest common divisor of 51 and 4108917?
51
Calculate the highest common factor of 5775 and 1594950.
525
What is the greatest common factor of 65339 and 16046438?
293
What is the greatest common factor of 1276447188 and 4632?
2316
Calculate the greatest common divisor of 5616 and 39118664.
104
What is the highest common factor of 43 and 34836493?
43
Calculate the greatest common divisor of 3171573 and 22509.
549
Calculate the greatest common factor of 3 and 286690485.
3
What is the highest common divisor of 5022 and 171396?
162
Calculate the highest common divisor of 193610061 and 12690.
1269
What is the greatest common divisor of 1744047 and 2907?
153
Calculate the highest common factor of 51 and 23109.
3
Calculate the greatest common factor of 32646 and 6991.
1
What is the greatest common divisor of 15203 and 523641?
23
Calculate the highest common divisor of 872108132 and 19.
19
Calculate the greatest common divisor of 384791 and 77.
11
Calculate the greatest common factor of 3754576 and 7056.
784
Calculate the highest common divisor of 10448 and 3080854.
1306
Calculate the greatest common divisor of 2565 and 99165465.
2565
What is the greatest common factor of 547960 and 19000?
760
Calculate the highest common factor of 714 and 5842356.
102
Calculate the greatest common divisor of 36048 and 16823151.
2253
Calculate the highest common factor of 41599832 and 13085.
2617
Calculate the greatest common factor of 33114457 and 23.
23
What is the highest common divisor of 60590 and 1965440?
830
What is the highest common factor of 508191 and 3412933?
2777
What is the highest common factor of 1121180 and 158600?
1220
What is the highest common divisor of 56617 and 7859469?
5147
What is the greatest common divisor of 50 and 7888275?
25
Calculate the greatest common factor of 23582358 and 730.
146
What is the highest common factor of 258 and 65834598?
6
Calculate the highest common divisor of 300 and 5572650.
150
Calculate the highest common factor of 481990977 and 9.
9
Calculate the greatest common factor of 2752476 and 4704.
12
What is the highest common factor of 17 and 479637133?
17
What is the greatest common divisor of 177312 and 96?
96
Calculate the greatest common divisor of 23274 and 980370.
54
Calculate the greatest common divisor of 2090 and 54446986.
22
What is the highest common divisor of 10959 and 335233?
281
Calculate the greatest common factor of 414 and 5305548.
138
Calculate the highest common factor of 6 and 1116530.
2
What is the highest common factor of 402867 and 2666?
43
Calculate the greatest common factor of 49660960 and 115.
5
What is the highest common factor of 211428 and 1365053?
839
Calculate the greatest common divisor of 82042196 and 184.
92
Calculate the highest common factor of 15 and 16288329.
3
Calculate the highest common divisor of 65950 and 10100.
50
Calculate the greatest common divisor of 6918513 and 27.
3
Calculate the greatest common divisor of 5000 and 111640.
40
Calculate the greatest common divisor of 175785 and 45.
15
Calculate the greatest common factor of 4935 and 357470.
5
Calculate the highest common factor of 4859699 and 39.
13
What is the greatest common factor of 93 and 85286394?
93
Calculate the highest common factor of 80820192 and 72.
24
What is the highest common factor of 1097273 and 100166?
4553
What is the highest common divisor of 29088044 and 1612?
124
What is the highest common factor of 1056 and 12606?
66
Calculate the greatest common divisor of 2739 and 41090727.
249
Calculate the greatest common factor of 671 and 6082681.
11
What is the highest common divisor of 10173200 and 575?
25
What is the highest common factor of 10360 and 1286530?
70
What is the highest common factor of 672 and 1009883?
7
What is the highest common divisor of 2310941 and 363337?
1471
Calculate the highest common divisor of 28575 and 705231.
1143
Calculate the highest common factor of 75817 and 1078.
7
What is the greatest common divisor of 20347224 and 1497?
1497
Calculate the greatest common factor of 3 and 150251289.
3
What is the highest common divisor of 708 and 64557564?
708
Calculate the highest common factor of 398211 and 1869288.
3291
Calculate the highest common factor of 411730 and 2007430.
1970
Calculate the greatest common factor of 107643678 and 7902.
2634
Calculate the highest common factor of 5081892 and 558372.
7068
Calculate the highest common divisor of 76112595 and 2808.
351
What is the highest common factor of 84423320 and 6558?
2186
What is the highest common factor of 4164615 and 441?
63
What is the highest common divisor of 44523618 and 10941?
1563
Calculate the highest common divisor of 92535968 and 511.
511
Calculate the greatest common diviso